
Suppose 0 = 2*l - 3*k - 660, -l - 5*k = 3*l - 1342. What is the tens digit of l?
3
Suppose 4*r - 3*r - 3 = 0. Suppose r*h + 4*x - 6 = -0*x, -10 = -5*h + 3*x. Suppose 5*y = -4*s + 6*s + 42, s = h*y - 16. What is the tens digit of y?
1
Suppose 0 = d - 6*d - 5*x + 550, 3*d + 2*x - 327 = 0. What is the tens digit of d?
0
Suppose -5*v = -v. Suppose -498 = -12*l + 174. Suppose v = -4*k + 60 + l. What is the tens digit of k?
2
Let n be ((-63)/(-2) + -2)*-2. Let d = -231 + 322. Let t = n + d. What is the tens digit of t?
3
Let f(k) = -6*k + 3. Suppose 0 = -y - 3 + 8. Let a be f(y). Let z = a - -54. What is the units digit of z?
7
Let v be 9 - (2 - (3 - 2)). Suppose -v = -6*q + 4*q. Suppose -5*h = -q*p - 75, 0*h = -2*h - 4*p + 2. What is the tens digit of h?
1
Suppose -2*w - 5 = -1. Let d(z) = 14*z - 56. Let k be d(5). Let y = w + k. What is the units digit of y?
2
Suppose k - 1529 = 4*z, -5*k + 3*z + 4921 = -2656. What is the thousands digit of k?
1
Let n(f) = -30*f + 246. What is the units digit of n(0)?
6
Let u(n) = -n**2 + 6*n - 9. Let s be u(6). Let q = s - -9. Suppose q = -2*l + 5*d + 48, -4*l + d = -2*d - 68. What is the tens digit of l?
1
Let q(k) = 147*k - 1. Let a be q(-2). Let w be 6/(-14) - a/35. Suppose -4*l + w = -16. What is the units digit of l?
6
Let d = -161 - -163. Let v be 2 - 0 - 1 - -61. Suppose 3*r + 0*r + n = 93, d*r + n = v. What is the tens digit of r?
3
Let z(t) = 5*t - 7. Let f be z(8). Suppose 5 - 1 = g. Suppose d = g*d - f. What is the tens digit of d?
1
Suppose 4*h - 145 + 41 = 0. What is the tens digit of (1 - 2/2*-1)*h?
5
Suppose 1 + 3 = 2*i. Suppose i*g = -o + 23, o - 8*g + 4*g = 47. What is the units digit of o?
1
Suppose -s + 5*b = -391 - 411, b - 826 = -s. What is the units digit of s?
2
Let g(z) = z**2 - 6*z + 9. Let j be g(7). Suppose j = i + 1. Suppose 4*k - i = k, 5*k + 19 = 4*f. What is the tens digit of f?
1
Let j = 3137 - 2228. What is the tens digit of j?
0
Let b(i) be the first derivative of i**2/2 - 3*i + 5. Let f be b(7). Suppose o - f*o = -48. What is the units digit of o?
6
Let z(r) = 19*r - 45. What is the tens digit of z(31)?
4
Suppose p - 45 = -2*p. Let z(h) = -h. Let f(w) = -w + 5. Let b(x) = -3*f(x) - 3*z(x). What is the tens digit of b(p)?
7
Let b = 457 - -1074. What is the thousands digit of b?
1
Suppose -5*t = -0*a + a + 12, 0 = 3*a + 6. Let l be 84/(-9) - t/6. Let n = l - -31. What is the tens digit of n?
2
Let b(w) = -w**3 + 8*w**2 - 8*w - 1. Let f be b(6). Let z = f - 14. Suppose 5*o = 2*o + z. What is the units digit of o?
3
What is the tens digit of (112 - 3/(-3))/(72/1008)?
8
Let m(a) = -a**3 - 7*a**2 - 2*a - 8. Let h be m(-7). Let j(u) be the third derivative of u**4/12 - u**3/2 + 3*u**2. What is the units digit of j(h)?
9
Suppose -4*o = -3*n + 34 + 129, 4*n + 4*o - 236 = 0. What is the units digit of n?
7
Let i(a) = 7*a**2 + 7*a - 21. Let s be i(-7). Let k = -170 + s. What is the hundreds digit of k?
1
Let u = 16 + -10. Suppose -4*n + 8*n + 3*l - 14 = 0, 2*l = -n + u. What is the units digit of n?
2
Let h = 2126 + -1256. What is the hundreds digit of h?
8
Let y(a) = -a**2 - 9*a - 10. Let h be y(-7). Suppose -p + 200 = h*p. What is the tens digit of p?
4
Let m = 21 + -19. Suppose m = 4*b - 3*b. Suppose x - 41 = b. What is the tens digit of x?
4
Let r(i) = 0 + 2*i**3 - 1 + 5*i + i**2 - 8*i + 0*i**2. What is the units digit of r(3)?
3
Let c be ((-5)/4)/(9/(-36)). Suppose -4*x + 2*i = -2*i - 12, -x - c*i + 33 = 0. Suppose 0 = -3*m + x + 58. What is the units digit of m?
2
Let t(g) = 345*g**2 + 8*g + 2. What is the tens digit of t(1)?
5
Suppose 552 + 96 = 9*q. Let o = q + -40. What is the tens digit of o?
3
Let p be (-2 - -10)*10/8. Let s(q) = q - 14. Let b be s(p). What is the units digit of (8/12)/(b/(-6))?
1
Let h = 63 + -95. What is the hundreds digit of (144/(-1))/(31 + h)?
1
What is the hundreds digit of (-204153)/(-85) + 18/(-10)?
4
Suppose -2*t + 4*v + 2658 = -0*v, -5*t + 6606 = 3*v. What is the hundreds digit of t?
3
Suppose 71 = i - 3*b - 44, 4*b = i - 116. Suppose c = -8 + i. What is the hundreds digit of c?
1
Let g(p) = -4*p**3 - 3*p**2 + 6*p + 13. Let k be g(-3). Let v be 2 - 2 - 19*1. Let o = v + k. What is the units digit of o?
7
Let f = -3 + 7. What is the units digit of (3/((-3)/f))/(-1)?
4
Let d(r) = 148*r**2 + r - 1. Let z be d(-2). Suppose -263 = -6*y + z. What is the units digit of y?
2
Let i(m) = m**3 - 8*m**2 + 15*m - 7. Let r be i(5). Let w(g) = -27*g + 15. What is the hundreds digit of w(r)?
2
Let n(h) = 8*h**2 + 1. Suppose 3*p = -10 + 1. Let o(s) = -s**2 - 3*s - 1. Let t be o(p). What is the units digit of n(t)?
9
Let p be 10/3 + 11/(-33). Suppose p = 2*m - 7, -2*c - 3*m = -129. What is the units digit of c?
7
Let c = 933 - 414. What is the tens digit of c?
1
Suppose h = 2*x + 15, -4*h - 3 + 23 = -3*x. Let j be (16 + 2)*(-4)/x. Let u(s) = s**2 - 6*s - 1. What is the units digit of u(j)?
6
Let b = 4314 - 2170. What is the tens digit of b?
4
Let q = -246 - -367. What is the units digit of q?
1
Suppose 2*w = -3*w - 3*a + 38, 54 = 5*w - a. Suppose -6*v + v + 60 = 0. Let r = v - w. What is the units digit of r?
2
Let i be (1 - -1)*92/(-4). Let v = 149 - 64. Let n = i + v. What is the units digit of n?
9
Suppose -2*w - 1806 = -5*v + 365, -4*w = 12. What is the tens digit of v?
3
Suppose -126 = -w - 4*u - u, -w = -u - 96. Suppose 18*r - 17*r - w = 0. What is the tens digit of r?
0
Suppose 0 = 4*a - 6 + 46. Let c = a + 11. What is the units digit of 14 - ((-5)/c - -2)?
7
Let p(r) be the third derivative of -1/2*r**4 + 0*r + 0*r**3 + 8*r**2 + 0. What is the units digit of p(-5)?
0
What is the units digit of -4 + (-6)/27*-3*9?
2
Suppose -71*p = -62*p - 16083. What is the thousands digit of p?
1
What is the hundreds digit of (-2)/(-9) + 73773/81?
9
Suppose -j - 3*j = -12. Suppose -1 = -3*d + 3*z + 5, -5*z - 14 = -j*d. What is the units digit of d/((5 + -2)/(-6))?
4
Let b(y) = 3 - 2 + 8 + y**3 - 5*y**2. What is the units digit of b(5)?
9
What is the tens digit of (1 - -2) + (299*1)/1?
0
Let g be 37 - (9/15 + 56/(-35)). Suppose -3*m - l = 54, 0 = 2*m + 5*l - 23 + 72. Let q = m + g. What is the units digit of q?
1
Let u(s) = 0*s + 2*s**2 - s**2 - 6*s. What is the tens digit of u(11)?
5
Suppose 5*b - 5*h = -0*b + 25, -2*b = -5*h - 19. What is the units digit of (3/(-9))/(b/(-24))?
4
Let y be -2 + (0 - -2) + 3 + -2. What is the units digit of y - (3/(-3) - 87)?
9
Suppose 30 - 350 = -2*m. Suppose 5*x - 435 = -m. What is the units digit of x?
5
Let j(w) = w**3 + 11*w**2 + 11*w + 8. Let p be j(-10). Let r be p*(4 + (-28)/8). What is the tens digit of 976/64 - r/(-4)?
1
Let f = 51 - -52. Suppose 2*p = d + f, -d - 67 - 87 = -3*p. What is the tens digit of p?
5
Let m = 31 - 27. What is the tens digit of -3 - ((-1 - 18) + m)?
1
Let g be 38/133*(-154)/(-2). Suppose g*r = 24*r - 30. What is the tens digit of r?
1
Let u = 598 - 233. What is the hundreds digit of u?
3
Let v = 2 + 2. Suppose v*w + 72 = -88. What is the units digit of (2 + -1)/((-2)/w)?
0
Let t(j) be the first derivative of 3*j**2 + 10. What is the tens digit of t(2)?
1
Let h(d) = d**2 - 17*d + 18. Suppose 6*w = -21 - 105. Let j = 38 + w. What is the tens digit of h(j)?
1
Let t(y) = 40*y - 2. Let v be t(2). Let p be (-8)/10*(-11 - (1 + -47)). Let i = p + v. What is the tens digit of i?
5
Let r(l) = 127*l + 831. What is the units digit of r(24)?
9
Let m be -2*14*(-5 + 3). Let d = m - 22. What is the units digit of d?
4
Let g = 66 + -73. Let y(n) = -n**3 - 5*n**2 - 5*n - 5. What is the tens digit of y(g)?
2
Suppose -n - 565 = -2*l - 3*l, -l = 5*n - 87. Suppose -3*m = -3*j - j - l, -3*m - j = -92. What is the tens digit of m?
3
Suppose 0 = 4*m - 527 + 195. What is the units digit of m?
3
Let c(p) = -p + 1. Suppose f - 2*z = -3 + 1, -2 = -3*f + 2*z. Let v = f - 11. What is the tens digit of c(v)?
1
Let j = 184 - -310. What is the units digit of j?
4
Let k = -439 + 976. What is the tens digit of k?
3
Let b be (0 - -2)/(10/15). Suppose -b*w + g + 292 = 0, -114 + 26 = -w - 2*g. What is the units digit of w?
6
Suppose -20 = -5*t - 5. Suppose -t*c + 26 = 3*b + 5, c - 2*b = 1. Suppose -27 = -6*i + c*i. What is the units digit of i?
7
Let t(d) = 12*d**2 - 5*d - 8. Let h be t(-3). Suppose 3*p + 2*b - h = -0*b, 5*b = -2*p + 84. What is